3040
In base 2, what is -101011 + 111000010101?
110111101010
In base 8, what is -40 - -64?
24
In base 4, what is 3211 - 330?
2221
In base 12, what is -8 + -5034?
-5040
In base 2, what is -1010 - 101111100111000?
-101111101000010
In base 15, what is 255 + 474?
6c9
In base 13, what is 51 + 123?
174
In base 9, what is 2423 - 7?
2415
In base 11, what is -5 - -487438?
487433
In base 11, what is 72 + 23?
95
In base 4, what is -2 + 1303201?
1303133
In base 10, what is -8572 + 14?
-8558
In base 10, what is 1593 + -136?
1457
In base 12, what is 4 + -4a92?
-4a8a
In base 13, what is 5 - -130070?
130075
In base 3, what is 10 - -2022200001?
2022200011
In base 10, what is 3574 + -34?
3540
In base 12, what is -27746 - 2?
-27748
In base 16, what is -2 + 69ac?
69aa
In base 9, what is 6321122 - 3?
6321118
In base 4, what is -1 + 1102220003?
1102220002
In base 8, what is 2055 - 17?
2036
In base 6, what is -3 - 54122011?
-54122014
In base 7, what is -5462 - 55?
-5550
In base 14, what is 1b001 - -10?
1b011
In base 15, what is 831 + 1?
832
In base 6, what is -5453204 - -3?
-5453201
In base 9, what is 4 - -2064211?
2064215
In base 7, what is 63 - -1514?
1610
In base 5, what is -233 - -132040?
131302
In base 4, what is -101121210021 - 2?
-101121210023
In base 4, what is 23111131 - 2?
23111123
In base 5, what is -13 - -11000122?
11000104
In base 9, what is 75330 + -6?
75323
In base 9, what is 61 + -101543?
-101472
In base 8, what is -6 - -66?
60
In base 4, what is 11 + 110220003?
110220020
In base 12, what is -30 + a58?
a28
In base 10, what is 0 - -321565?
321565
In base 8, what is 15457 - 4?
15453
In base 14, what is 1 - 1c88ab?
-1c88aa
In base 12, what is -4 + -2a29b?
-2a2a3
In base 13, what is -a + 6a7?
69a
In base 10, what is 3 - 18883?
-18880
In base 11, what is -33 + 8842?
880a
In base 15, what is -3627d + -5?
-36283
In base 13, what is -6029 - -98?
-5c61
In base 9, what is 0 + 357715?
357715
In base 6, what is 114153 + 23?
114220
In base 10, what is 13836 + 91?
13927
In base 15, what is -14 + -3c4?
-3d8
In base 14, what is 54d9b6 + 0?
54d9b6
In base 15, what is -5 + 1d92e?
1d929
In base 3, what is 100 + -212110110?
-212110010
In base 16, what is -5 - -6271?
626c
In base 12, what is -2b4 - 2070?
-2364
In base 6, what is -421 - 15030?
-15451
In base 7, what is -14 + 353?
336
In base 3, what is 10 - 1101101200012?
-1101101200002
In base 16, what is -4 + -85d0?
-85d4
In base 9, what is -12 + 1422?
1410
In base 10, what is -8822 - -237?
-8585
In base 15, what is ba2 + -2d0?
8c2
In base 4, what is 0 - 23132101?
-23132101
In base 10, what is -3021 + 140?
-2881
In base 8, what is 332 + -1263?
-731
In base 4, what is 1031 + 11213?
12310
In base 5, what is 130 + 20004232?
20004412
In base 16, what is 33080 + 5?
33085
In base 7, what is 331 + 132510?
133141
In base 9, what is 15803 - -12?
15815
In base 12, what is b + -1ab5?
-1aa6
In base 2, what is 1000 + 11101111110110110?
11101111110111110
In base 7, what is 6 + -5141?
-5132
In base 4, what is -11 - -211220?
211203
In base 4, what is 10222 - -112?
11000
In base 2, what is -101 + -1101111001011?
-1101111010000
In base 4, what is -102210123 + 10?
-102210113
In base 9, what is -2 - -13218?
13216
In base 6, what is -522424 + -1?
-522425
In base 5, what is 3 - -13413411?
13413414
In base 9, what is -1076772 + -4?
-1076776
In base 14, what is 5 - 9d1d2?
-9d1cb
In base 14, what is 5 + -4d8?
-4d3
In base 8, what is -143230 + 24?
-143204
In base 8, what is -5 - 57055?
-57062
In base 12, what is -17363 + 25?
-1733a
In base 16, what is -5 - -a368?
a363
In base 4, what is 1222 - -3021?
10303
In base 14, what is 1824a + -19?
18231
In base 9, what is 10 + 5548?
5558
In base 6, what is -43 + -42314?
-42401
In base 12, what is 7 + 1ab6b?
1ab76
In base 2, what is 10 + 10110010111110?
10110011000000
In base 11, what is 83747 - 0?
83747
In base 2, what is -111101011100000 + 0?
-111101011100000
In base 9, what is 10 + 7864?
7874
In base 6, what is -4 + 3351301?
3351253
In base 11, what is 1 + 74356?
74357
In base 15, what is 5 + 3e4c5?
3e4ca
In base 14, what is -2 + 19b7c?
19b7a
In base 12, what is -4 - 306082?
-306086
In base 4, what is -10 + -10323313?
-10323323
In base 4, what is -32 - -10131203?
10131111
In base 12, what is -2072 + 40?
-2032
In base 15, what is 5a + a?
65
In base 9, what is -5 - 17368?
-17374
In base 5, what is 10222 - 414?
4303
In base 8, what is -115037 + -46?
-115105
In base 5, what is -32220 + 301?
-31414
In base 5, what is 1214244401 + 2?
1214244403
In base 12, what is -4 - -400?
3b8
In base 5, what is 4 - 23202431?
-23202422
In base 16, what is d65 - 35?
d30
In base 14, what is -6158a - -12?
-61578
In base 11, what is 197 - 100?
97
In base 16, what is -72184 + -1?
-72185
In base 13, what is -1 + -1a1c?
-1a20
In base 2, what is -100111010110110 + 1110010?
-100111001000100
In base 6, what is -340 - -4115?
3335
In base 5, what is 100321344 - 10?
100321334
In base 12, what is 16401 + 5?
16406
In base 10, what is -4 + -270?
-274
In base 11, what is -13a + 52?
-98
In base 5, what is 122124 + -400?
121224
In base 7, what is 206 - -1335?
1544
In base 16, what is 0 - -23f9?
23f9
In base 14, what is -213 - -16?
-1db
In base 12, what is -4236 + -4?
-423a
In base 11, what is -8 - 1160?
-1168
In base 6, what is 2 + -352013?
-352011
In base 15, what is 175 + -2a?
14a
In base 12, what is -400a74 - 3?
-400a77
In base 15, what is -10ae - 8e?
-114d
In base 2, what is 110001 + 10000111011001?
10001000001010
In base 16, what is 19 + -16?
3
In base 5, what is 30 + 304103?
304133
In base 14, what is 5 - -62c4?
62c9
In base 13, what is abb - -c9?
bb7
In base 3, what is -12101001 + -10?
-12101011
In base 11, what is 319a - 102?
3098
In base 14, what is 457 + 255?
6ac
In base 4, what is 0 - -2212011110?
2212011110
In base 13, what is 4260 + -b?
4252
In base 3, what is -12100000 + 210?
-12022020
In base 6, what is -12350 - 104?
-12454
In base 10, what is -7 + 633356?
633349
In base 7, what is -12630 + 524?
-12103
In base 3, what is -202220111 - -12?
-202220022
In base 13, what is -554 - -35?
-51c
In base 15, what is a + -820c?
-8202
In base 11, what is -389 - 1183?
-1561
In base 10, what is -63 - -886?
823
In base 8, what is -1721444 - 1?
-1721445
In base 14, what is -caa2 + -13?
-cab5
In base 9, what is -1344 - 706?
-2151
In base 6, what is -112430 - 111?
-112541
In base 12, what is a65 + -102?
963
In base 15, what is -5c2e7 - 4?
-5c2eb
In base 6, what is 5 + 40025?
40034
In base 11, what is -4687 + 15?
-4672
In base 2, what is 101010 + 1011000111?
1011110001
In base 9, what is 2346862 - -2?
2346864
In base 3, what is -110011 + -200221?
-1011002
In base 2, what is 0 - -11000001010011?
11000001010011
In base 15, what is 48b - -d?
499
In base 7, what is -1301324 + 3?
-1301321
In base 2, what is -10111001111111011100 + -10?
-10111001111111011110
In base 3, what is 101101212100 - 11?
101101212012
In base 11, what is -54451 + -6?
-54457
In base 14, what is c6 - 8?
bc
In base 11, what is -4 - 38397a?
-383983
In base 5, what is -103 + 213043?
212440
In base 13, what is a4597 + 4?
a459b
In base 6, what is 1233 + -4154?
-2521
In base 14, what is -3 - -ab8?
ab5
In base 13, what is 3 + -287800?
-2877ca
In base 6, what is -13 - 13424?
-13441
In base 8, what is -7 - 1727?
-1736
In base 7, what is -32043 + 31?
-32012
In base 10, what is 1 - -1094992?
1094993
In base 12, what is -5448 + 3?
-5445
In base 3, what is 1011120 - 21022?
220021
In base 6, what is -12 - 114410?
-114422
In base 4, what is -21022011 - -11?
-21022000
In base 11, what is 9113 - 4?
910a
In base 2, what is -111 + -100110110001001?
-100110110010000
In base 12, what is 4a456 - -2?
4a458
In base 2, what is -1000 - 1100100000011?
-1100100001011
In base 10, what is -24 - 47484?
-47508
In base 7, what is 20 - 162?
-142
In base 13, what is -6 + -2898?
-28a1
In base 13, what is 496463 + 5?
496468
In base 9, what is -821 - -4543?
3622
In base 12, what is 6aab3 + -2?
6aab1
In base 6, what is -24133504 + 5?
-24133455
In base 10, what is -504 + -49?
-553
In base 11, what is -2 - 2139?
-2140
In base 16, what is -1 - fa8?
-fa9
In base 2, what is -1 + 11010100101101?
11010100101100
In base 7, what is 363 - -10140?
10533
In base 12, what is 482b + 7?
4836
In base 11, what is 173 - -917?
a8a
I